 remainder when 1*(0 + -1)*r is divided by 21?
20
Let p be (16/(-12))/(1/3). Let v = 7 + p. Let r = 7 - v. What is the remainder when 6 is divided by r?
2
Suppose 43 = -0*c + c. Suppose -3*y = -4*y - 4. Let u = y - -19. Calculate the remainder when c is divided by u.
13
Suppose -2*a - 3*j + 387 = 2*j, 3*a - 593 = -5*j. Calculate the remainder when a is divided by 30.
26
Suppose 19*n = 18*n + 6. What is the remainder when 15 is divided by 9 + 0/(n + -4)?
6
Let u(q) = q**3 - 5*q**2 + 4*q + 5. What is the remainder when 13 is divided by u(4)?
3
Let h(q) = -5*q - 2. Calculate the remainder when h(-3) is divided by (5/(-2))/((-2)/4).
3
Let k = 13 + 17. What is the remainder when 57 is divided by k?
27
Suppose -16 = -4*q + 3*q. Let a(u) = 4*u**3 - u**2 + 2*u - 1. Suppose 4 = 3*o + 1, 3*t - 3*o - 3 = 0. Calculate the remainder when a(t) is divided by q.
15
Let t(z) = -5*z + 1. Let g be t(1). What is the remainder when ((-84)/(-15))/(g/(-10)) is divided by 8?
6
Suppose 0 = 4*b + 12, 3*b = -2*c - 0*c - 3. Let y(m) = 7*m - 9*m + 6 + m. Calculate the remainder when 4 is divided by y(c).
1
Let c = 21 + -6. Calculate the remainder when 47 + -1*(2 - -1) is divided by c.
14
Suppose -j = -5, 0*c = 4*c + 3*j - 19. Suppose g - 5*d = 52, -c + 21 = 4*d. Calculate the remainder when g is divided by 20.
17
Suppose 0 = b + 2*b - 3*h - 63, -5*b = 2*h - 112. Calculate the remainder when b is divided by (-10)/(-2) - 8/(-8).
4
Suppose 4*p = 3*h - 8, -4*p = -2*h - p + 4. Calculate the remainder when 23 is divided by h.
7
Let o be (1662/(-9))/((-4)/6). Suppose 5*f - 68 - o = 0. Suppose 5*u - 49 = 4*c, -22 = 5*u - 2*c - f. What is the remainder when 16 is divided by u?
7
Suppose -4*w = 2*r - 10, 6 = 2*r - 4*w - 4. Suppose 0 = -r*a - 0*a - 25, -60 = -5*q - 5*a. What is the remainder when q is divided by 10?
7
Suppose 5*a - 15 = 0, a - 117 = 4*o + 6*a. Let l = 56 + o. Suppose 3*g = g + 16. What is the remainder when l is divided by g?
7
Suppose 41*q - 399 = 34*q. What is the remainder when q is divided by 10?
7
Let i = 206 + -87. Calculate the remainder when i is divided by 40.
39
Calculate the remainder when 18 is divided by ((-2)/4)/((-2)/28).
4
Suppose 0 = 4*x - 2*x - 38. Calculate the remainder when x is divided by 10.
9
Suppose -k = -1 - 7. Suppose -3*v - 2*r + k = -16, v = 5*r - 9. Suppose 0 = t - v*t + 65. Calculate the remainder when t is divided by 5.
3
Suppose -2*d + 16 = -0*d. Let s be -1 + (1 - 3) + d. Suppose 60 = -0*x + s*x. Calculate the remainder when 22 is divided by x.
10
Suppose -4*v + 15 = -37. Calculate the remainder when 51 is divided by v.
12
Suppose n = 79 - 2. Calculate the remainder when n is divided by 39.
38
Let c = -18 + 18. Suppose c = 5*n + 3*t - 71, -n + t = 3*t - 17. Calculate the remainder when n is divided by 7.
6
Suppose l = 3*l. What is the remainder when 15 is divided by 0 + (-3 - (-11 - l))?
7
Suppose 3*b = -5*k + 187, -2*b = 3*k - k - 74. What is the remainder when k is divided by 10?
8
Suppose 2*s - 6 - 14 = 0. Suppose -q - 4*q = -145. What is the remainder when q is divided by s?
9
Let u = -62 - -88. What is the remainder when 51 is divided by u?
25
Let m(n) = -n + 16. Suppose 6*z - 11*z + 405 = 0. What is the remainder when z is divided by m(-12)?
25
Let p = 23 - -2. Calculate the remainder when p is divided by 9.
7
Let a = -3 - 1. Calculate the remainder when 7 is divided by 0/a + 3 + 2.
2
Suppose 0*g = 2*g - 8. Suppose -4*h = -5*w + 26, 10 = w - g*h - 8. Calculate the remainder when 2 is divided by w.
0
Suppose -2*r = -25 - 11. Suppose 3*j = 2*j + 5*d - r, 4*j + 27 = 5*d. What is the remainder when 86/6 - 2/j is divided by 8?
7
Let u = -34 - -42. What is the remainder when 13 is divided by u?
5
Let p(n) = n**3 + 6*n**2 + 7*n + 5. Let i(t) = 9*t - 2. What is the remainder when i(3) is divided by p(-4)?
7
Let y = -93 - -148. What is the remainder when y is divided by 14?
13
Let k(m) = m**3 - m + 23. Let j(l) = -l**3 + 5*l**2 + 7*l. Calculate the remainder when k(0) is divided by j(6).
5
Let u(v) = -v**3 + 8*v**2 - 8*v + 5. Suppose 0*n + 5*n - 25 = 0. Let a be u(n). Let d = a - 19. What is the remainder when 62 is divided by d?
20
Suppose -5*y + 4*c = -105, 0 = 2*y - 7*y - 2*c + 105. Calculate the remainder when y is divided by ((-24)/10)/((-1)/5).
9
Let o = 1 - -3. Let y(q) be the first derivative of -q**4/4 + 4*q**3/3 + 2*q**2 - 2*q + 9. What is the remainder when y(o) is divided by 5?
4
Suppose 4*y = -3*h + h - 2, -2*y - 3 = 3*h. Let n(m) = -m**3 - m**2 - m + 21. Calculate the remainder when 83 is divided by n(y).
20
Suppose -a + 8 + 1 = 0. What is the remainder when 170 is divided by a?
8
Let l(q) = q**2 + 2*q - 4. Let n be l(4). Let z be n*1*2/(-5). Let m = z + 17. What is the remainder when 25 is divided by m?
7
What is the remainder when -2 + 2 + 2 + 53 is divided by (-42)/(-98) - (-190)/14?
13
Let w = 7 + -7. Suppose w = -3*o + o. Suppose o = 5*r - 3*r - 22. What is the remainder when r is divided by 6?
5
Let x(c) = -2*c + 15. Calculate the remainder when 49 is divided by x(-5).
24
Let v = -10 + 22. Let i(q) = -4 + 0*q**2 + q**2 + 2. What is the remainder when i(5) is divided by v?
11
Suppose -g = 2*g - 6. Calculate the remainder when g is divided by 1.
0
Let s(t) = -t**3 - 4*t**2 - 4*t - 7. Suppose 5*v + 5*x - 80 = 0, x = -4*v - 4*x + 67. What is the remainder when s(-5) is divided by v?
12
Suppose l - s = -3*s + 4, -15 = -5*s. Let w = l + 2. Suppose w*z + 3*z = 33. Calculate the remainder when 21 is divided by z.
10
Let b(z) = -z + 26. Calculate the remainder when b(0) is divided by 14.
12
Suppose 3*x - 54 - 33 = 0. Let j(k) = -k**3 - k + 10. Calculate the remainder when x is divided by j(0).
9
Let t = 59 + 2. Suppose 4*c = 2*c + 32. What is the remainder when t is divided by c?
13
Let c(g) = -2*g**2 + 8*g + 11. Suppose h + 4*j - j = 40, -2*j - 56 = -2*h. Calculate the remainder when h is divided by c(4).
9
Let g(b) = -3 + 2*b + 2*b - 11*b. Let n = -10 - -5. What is the remainder when g(n) is divided by 11?
10
Let g = 11 + 9. Let k be 2/(0 - 2) - -14. Suppose 0 = -5*u - 3*w + k + 33, 0 = -3*w - 9. What is the remainder when g is divided by u?
9
Suppose -y + 2 = -0. Suppose y*v + 75 = 5*v. Suppose 5*i = v, 0 = -2*o - i - 3*i + 74. Calculate the remainder when 79 is divided by o.
25
Suppose 6 = 5*z - 19. Let g(c) = 2*c**2 + z*c**3 - 5*c**2 - 6*c**3. Calculate the remainder when g(-4) is divided by 9.
7
Let t(h) = h**2 + 3*h - 5. Suppose 12 = -4*q + 156. What is the remainder when q is divided by t(-6)?
10
Let a be (-3)/(-6) + (-2)/4. Calculate the remainder when 30 is divided by 17/1 + (-1 - a).
14
Let k(n) = -n - 5. Let h(l) = -l**3 - 3*l**2 + 2*l - 1. Let z be h(-3). Let a be k(z). Let v(s) = 7*s. What is the remainder when 40 is divided by v(a)?
12
Suppose -5*w + 4*l = -237, 3*l + 2*l - 108 = -2*w. Calculate the remainder when w is divided by 17.
15
Suppose 0 = 4*m - m - 12. Calculate the remainder when 13 is divided by m.
1
Suppose 4*g - 4*u = 84, g - 2*g = 5*u - 3. Suppose 0*n - 156 = -3*r - n, 2*r = -2*n + 100. Calculate the remainder when r is divided by g.
17
Let x = 103 - 66. Let k(r) = 2*r**2 + 5*r + 1. What is the remainder when x is divided by k(-4)?
11
Suppose 3*l - 3 = 135. Calculate the remainder when l is divided by 8.
6
Suppose 0 = -2*n - 5*l - 66, -3*n + 4*l + 0*l - 122 = 0. Let a = -6 - n. Calculate the remainder when a is divided by 102/9 + 3/(-9).
10
Suppose 0*h = 3*y + h - 13, -5*y + h = -27. Suppose 3*x - 1 = -2*o + 7, 5*x + y*o = 10. Calculate the remainder when 10 is divided by x.
2
What is the remainder when 21 is divided by (-8 + 2)/(0 + -2)?
0
Suppose 0 = 4*j - 3*v - 71, j - v - 12 = -6*v. Calculate the remainder when (1/(-1))/((-1)/48) is divided by j.
14
Suppose -2*h - 7 = -3. Let t = 6 - h. Let w(p) = p**3 + 4*p**2 - 6*p - 2. Calculate the remainder when w(-4) is divided by t.
6
Let o = -23 + 5. Let t be (58/6)/((-6)/o). Suppose -23 = -2*x - g, 2*x + 0*g = -3*g + t. Calculate the remainder when 29 is divided by x.
9
What is the remainder when 25 is divided by 0 + (102/14 - (-4)/(-14))?
4
Suppose t - 13 - 6 = -2*b, 0 = -t - 3*b + 15. What is the remainder when t is divided by 14?
13
Calculate the remainder when (-31)/(-4) - (3 - (-36)/(-16)) is divided by 4.
3
Let d(o) = -o**3 + 6*o**2 - 5*o